{"id":55,"date":"2020-03-06T17:14:38","date_gmt":"2020-03-06T16:14:38","guid":{"rendered":"http:\/\/magicsteph.be\/?page_id=55"},"modified":"2020-03-09T19:56:31","modified_gmt":"2020-03-09T18:56:31","slug":"magie-enfant","status":"publish","type":"page","link":"https:\/\/magicsteph.be\/index.php\/magie-enfant\/","title":{"rendered":"Magie Enfants"},"content":{"rendered":"<p>&nbsp;<\/p>\n<p>En magie pour enfant je vous propose un spectacle de magie de 60 minutes adapt\u00e9 pour des enfants de 3 \u00e0 12 ans. Il existe plusieurs options et variantes selon vos demandes et envies.<\/p>\n<p><strong>option1\/<\/strong>apparition des bonbons avec l&#8217;enfant qui f\u00eate son anniversaire. L&#8217;Enfant est mis \u00e0 l honneur et c&#8217;est lui qui se transforme en magicien pour faire apparaitre les bonbons.<\/p>\n<p><strong>option2\/<\/strong> sculpture de ballons, chaque enfant repart avec un ballon sculpt\u00e9.<\/p>\n<p><strong>option3\/<\/strong> Pour les plus grand \u00e0 partir de 7 ans, je propose des mini ateliers magie ou chaque participant apprend 3 petits tours de magie.( pr\u00e9voir un jeu de cartes et un d\u00e9 \u00e0 jouer par participant.)<\/p>\n<p>Pour les anniversaires ou animations, je peux adapter mon spectacle en fonction de vos demandes et de th\u00e8mes \u00e9ventuels par exemple th\u00e8me des pirates, princesses etc &#8230;<\/p>\n<p>&nbsp;<\/p>\n<p><img loading=\"lazy\" decoding=\"async\" class=\"alignnone size-medium wp-image-68\" src=\"http:\/\/magicsteph.be\/wp-content\/uploads\/2020\/03\/8-1-300x199.jpg\" alt=\"\" width=\"300\" height=\"199\" srcset=\"https:\/\/magicsteph.be\/wp-content\/uploads\/2020\/03\/8-1-300x199.jpg 300w, https:\/\/magicsteph.be\/wp-content\/uploads\/2020\/03\/8-1-768x510.jpg 768w, https:\/\/magicsteph.be\/wp-content\/uploads\/2020\/03\/8-1.jpg 800w\" sizes=\"auto, (max-width: 300px) 100vw, 300px\" \/><img loading=\"lazy\" decoding=\"async\" class=\"wp-image-60 alignright\" src=\"http:\/\/magicsteph.be\/wp-content\/uploads\/2020\/03\/22-300x225.jpg\" alt=\"\" width=\"266\" height=\"199\" srcset=\"https:\/\/magicsteph.be\/wp-content\/uploads\/2020\/03\/22-300x225.jpg 300w, https:\/\/magicsteph.be\/wp-content\/uploads\/2020\/03\/22-1024x768.jpg 1024w, https:\/\/magicsteph.be\/wp-content\/uploads\/2020\/03\/22-768x576.jpg 768w, https:\/\/magicsteph.be\/wp-content\/uploads\/2020\/03\/22.jpg 1080w\" sizes=\"auto, (max-width: 266px) 100vw, 266px\" \/><\/p>\n","protected":false},"excerpt":{"rendered":"<p>&nbsp; En magie pour enfant je vous propose un spectacle de magie de 60 minutes adapt\u00e9 pour des enfants de 3 \u00e0 12 ans. Il existe plusieurs options et variantes selon vos demandes et envies. option1\/apparition des bonbons avec l&#8217;enfant<\/p>\n","protected":false},"author":1,"featured_media":0,"parent":0,"menu_order":4,"comment_status":"closed","ping_status":"closed","template":"","meta":{"footnotes":""},"class_list":["post-55","page","type-page","status-publish","hentry"],"_links":{"self":[{"href":"https:\/\/magicsteph.be\/index.php\/wp-json\/wp\/v2\/pages\/55","targetHints":{"allow":["GET"]}}],"collection":[{"href":"https:\/\/magicsteph.be\/index.php\/wp-json\/wp\/v2\/pages"}],"about":[{"href":"https:\/\/magicsteph.be\/index.php\/wp-json\/wp\/v2\/types\/page"}],"author":[{"embeddable":true,"href":"https:\/\/magicsteph.be\/index.php\/wp-json\/wp\/v2\/users\/1"}],"replies":[{"embeddable":true,"href":"https:\/\/magicsteph.be\/index.php\/wp-json\/wp\/v2\/comments?post=55"}],"version-history":[{"count":7,"href":"https:\/\/magicsteph.be\/index.php\/wp-json\/wp\/v2\/pages\/55\/revisions"}],"predecessor-version":[{"id":110,"href":"https:\/\/magicsteph.be\/index.php\/wp-json\/wp\/v2\/pages\/55\/revisions\/110"}],"wp:attachment":[{"href":"https:\/\/magicsteph.be\/index.php\/wp-json\/wp\/v2\/media?parent=55"}],"curies":[{"name":"wp","href":"https:\/\/api.w.org\/{rel}","templated":true}]}}